z = 35 + -30. Suppose -w = -6*w - 4*j - 16, 0 = z*w - j - 4. Let t(y) = y**2 - y + 8. Determine t(w).
8
Let j(u) = u**2 - 4*u + 4. Let d be j(3). Suppose -d = -15*b + 16*b. Let v(r) be the third derivative of 13*r**5/60 - r**4/12 - r**3/6 + 3*r**2. Calculate v(b).
14
Let g(q) be the second derivative of -q**3/6 + 7*q**2 + 34*q. Give g(0).
14
Let m(b) be the second derivative of -b**3/6 - 7*b**2/2 - 94*b - 3. Determine m(-9).
2
Let r(k) = k**3 - 2*k**2 + 2*k - 1. Let h(t) = 2*t + 24. Let f(g) = -g**2 + 4*g - 6. Let c be f(5). Let o be h(c). Calculate r(o).
3
Let w(x) = x**3 - 7*x**2 - 8*x + 8. Let l(g) be the second derivative of -2*g**3/3 + 28*g**2 - 19*g. Let y be l(12). Give w(y).
8
Let p = 6 + 22. Let x = p - 27. Let w(d) = 0*d**3 - 3*d**3 + d - d**2 + d - 1. Calculate w(x).
-3
Let o(j) = 6*j - 13. Let a be o(2). Let q(l) = l**2 - l + 3. Let g(h) = -h**2 + 2*h - 5. Let d(n) = 4*g(n) + 7*q(n). Calculate d(a).
3
Let a(i) = -i**3 + i - 21. Suppose 19*q - 1 + 1 = 0. What is a(q)?
-21
Let p(k) = -3*k - 1. Let z(i) = -i. Let n(v) = -3*p(v) + 7*z(v). Let t be n(-2). Let g(r) = 19*r**3 + 2*r**2 + r. What is g(t)?
-18
Let y(o) = o. Let f(z) = z**2 - 11*z + 18. Let b be f(14). Let s be (-24)/b - 28/5. What is y(s)?
-6
Let m(r) be the first derivative of 5*r**2/2 + 16*r - 856. What is m(-9)?
-29
Let x(h) be the third derivative of -h**6/120 + 7*h**5/30 - 13*h**4/12 + 7*h**3/3 + 15*h**2 - 7*h. Determine x(12).
-10
Let g(p) = -6*p**2 - 1. Let r be g(1). Let j(w) be the first derivative of 5*w**2/2 + 6*w - 8869. What is j(r)?
-29
Let w(a) = -7*a**2 - 4 + 3 - 4*a**3 + 5*a**3. Let b = -285 - -292. Let l be w(b). Let x(k) = -8*k**3 + 2*k**2 + k. Calculate x(l).
9
Let f(j) be the first derivative of j**2/2 + 2*j + 169. What is f(6)?
8
Suppose 13 = 2*q + h, -2*h - 3*h = -5*q + 70. Let t be q/(-2) + 2/(-4). Let c(n) = -n - 4. Calculate c(t).
1
Let w(c) = 2*c**2 - 12*c + 1. Suppose -5*p = 11 - 41. Give w(p).
1
Let p(o) = 9 - 10 - 3*o**2 - 2*o**3 + 6 + 4*o - 3*o. Let f be p(-3). Suppose 4*u = 2*b - 8, -4*u - 3*b = -11 + f. Let t(w) = 4*w. Calculate t(u).
-12
Suppose 268 = 11*r - 227. Let k = r - 44. Let x(w) = 11*w - 1. Calculate x(k).
10
Let v(k) be the first derivative of k**7/140 - k**5/120 - 5*k**3/3 + 37. Let w(b) be the third derivative of v(b). What is w(-1)?
-5
Let j be ((-3)/((-3)/5))/1. Suppose j = -g, -4*f - f + 45 = -5*g. Let w(x) = x - 1. Calculate w(f).
3
Let l(r) = 31*r - 714. Let j be l(23). Let m(c) = -11*c**2 - 5*c - 1 + 4*c - c**2. Determine m(j).
-12
Let z = -61 + 57. Let w(y) be the second derivative of y**5/20 + y**4/3 + y**3 + 3*y**2/2 + 2*y. Calculate w(z).
-21
Let w(x) be the second derivative of x**3 - 1/20*x**5 - 5*x**2 - 1/2*x**4 - 16*x + 0. What is w(-7)?
-3
Let h(c) = 9 - 4*c**2 - 10 - 406*c + 407*c. Calculate h(1).
-4
Suppose -3*b - 4 + 3 = -5*w, -w - 1 = -b. Let q(x) = w*x - 10 - 12 + 21. Determine q(5).
9
Suppose -3*b - y - 12 = -7*b, -9 = -3*b + 5*y. Let z(d) = 2*d + 7*d**b - 2*d - d**3 - d. Determine z(1).
5
Let q(w) = 23*w**2 - 2*w - 2*w**3 + 0*w + 9*w - 29*w**2 - 1. What is q(-5)?
64
Let p(l) = 210*l - 33. Let y(r) = -32*r + 5. Let j(a) = 2*p(a) + 13*y(a). Let u be (4/(-10))/((-1)/(-5)). What is j(u)?
-9
Let v(h) = -h**2 + 2. Let o(k) = 5*k**2 + 5*k - 2. Let b(x) = o(x) + 4*v(x). Suppose 3*y + 10 = y. Determine b(y).
6
Let x = -7 - -9. Let i(f) = -3*f**3 + f + x + 2*f**3 + 6*f**2 + 6*f. What is i(7)?
2
Let p(o) be the first derivative of -5/2*o**2 - 1/3*o**3 + 0*o - 13. What is p(-4)?
4
Let m(j) = -j**2 + 2. Let o = 162 - 76. Let u = o + -84. Determine m(u).
-2
Let r(w) be the third derivative of 0 - 7*w**2 + 0*w - 1/60*w**5 + 1/2*w**3 - 1/6*w**4. Calculate r(-6).
-9
Suppose -3*v - 12 = -0*v. Let a = 0 + v. Let b(g) = 5*g**2 + 5*g + 2. Let k(s) = s**2. Let x(n) = -b(n) + 4*k(n). Calculate x(a).
2
Let s(l) = 1 - l**3 - 4*l**2 - 1 + 5 + 8*l. Let w(u) = 3*u**2 + 3*u + 2. Let q be w(-3). Suppose -28*v + 24*v - q = 0. Give s(v).
-10
Suppose 0 = 37*l + 83 - 9. Let u(g) = 6*g + 4. Determine u(l).
-8
Let b be -4 - 6/(-3) - 0. Let q(t) = 3*t - 2*t**2 - 2 - t - t - 2*t**3. Give q(b).
4
Suppose a = -4*t + 13, 2*a - 3*t - 9 = -a. Suppose -j - a*v - 17 = 0, -j + 0*j + 3 = -5*v. Let k(b) = b**2 + 11*b + 10. Calculate k(j).
-18
Let i be (-2)/(-3)*3/(-2). Let u(j) = j**3 - 14*j**2 - 14*j - 12. Let k be u(15). Let l(d) = 8 - k*d - 4*d - 9 + 9*d. Give l(i).
-3
Let d(i) be the first derivative of i**2/2 - 18*i - 87. What is d(8)?
-10
Let w(y) be the third derivative of y**6/120 - y**5/30 + y**4/12 + y**3/6 - y**2 + 76. Give w(2).
5
Let w be 71/5 - (-4)/(-20). Let i be 4/w - (-120)/70. Let p(s) = -7 - i - 9*s + 10*s. Give p(7).
-2
Let s(w) = -2*w + 22. Suppose -4*i - 178 + 210 = 0. Give s(i).
6
Let u(y) = 3*y - 415 - 422 + y**3 + 838 + 3*y**2. Suppose 4*p = -c - 2 - 2, 2 = p + c. Determine u(p).
-1
Suppose -2*x + 3 = 3*y - 14, -4*y + 56 = -4*x. Let s(u) = u**2 - 10*u + 11. Let t be s(y). Let v(p) = -4*p + t*p + 0 + p - 1. Calculate v(-3).
2
Let w(t) = -2*t - 10. Let x = -16 - -9. Let u be w(x). Let c(f) be the third derivative of f**5/60 - f**4/12 - f**3/6 + f**2. Give c(u).
7
Let o = -8 - -11. Suppose 2*t = -o*p + 2*p, -t = 3*p. Suppose -4*l + 6 + 18 = t. Let b(k) = -2*k + 8. Give b(l).
-4
Let c be 54/36 - 150/12. Let j(b) = b**2 + 10*b - 17. Calculate j(c).
-6
Suppose -12*l = -21 - 3. Let n(q) be the third derivative of -1/3*q**3 + 0 - 4*q**l + 0*q + 1/12*q**5 - 1/120*q**6 + 1/24*q**4. Calculate n(5).
3
Let r = 391 - 384. Let b(x) = 3*x - 1. Determine b(r).
20
Let k(m) be the second derivative of -m**7/840 - m**5/120 - m**4/8 + m**3 - 7*m. Let n(i) be the second derivative of k(i). Determine n(0).
-3
Let x(q) = -7*q**3 - 7*q**2 - q + 7. Let b(p) = -12*p**3 - 14*p**2 - 2*p + 15. Let a(w) = -3*b(w) + 5*x(w). Let i = -35 - -28. Determine a(i).
-17
Let d(a) = -a**2 + 9*a + 6. Suppose 138 - 158 = -2*x. Let p be d(x). Let i(n) = n**2 + 5*n - 1. Give i(p).
-5
Let g(v) = -v + 8. Let a(q) = q**2 - 4*q - 3. Let b be a(3). Let f = 5 + b. Let r be (1 + f)/(2/(-1)). Give g(r).
8
Let s(b) = 4*b - 14. Let t be s(-9). Let r = t - -47. Let y(h) = -4*h - 3. Determine y(r).
9
Suppose 33*n + 7 = 34*n. Let g(z) = -z**3 + 8*z**2 - 10*z + 17. Determine g(n).
-4
Suppose 4*i - 27 + 7 = 0. Let r(f) = -11*f**3 - 12*f**2 - 45*f + 35. Let s(q) = -14*q**3 - 16*q**2 - 59*q + 46. Let m(k) = -9*r(k) + 7*s(k). Determine m(i).
-8
Let z(t) = 5*t + 7. Let s(y) = -5*y - 8. Let k(l) = 6*s(l) + 7*z(l). Calculate k(1).
6
Let y(n) = -n**2 - n - 2. Let f be -5*(-13)/((-65)/(-6)). Suppose i + 0*s + f = 4*s, 2*s - 12 = 5*i. Determine y(i).
-4
Let p(c) = c**2 - 139*c + 399. Let w be p(3). Let b(q) be the third derivative of -q**4/24 - q**3/3 - q**2. Give b(w).
7
Let s(i) = -i**2 - 8*i + 8. Let k = -136 - -128. Calculate s(k).
8
Let y be (-1 + -2 - 0) + -1. Let g(q) = -7*q**3 - 10*q**2 - 5*q - 5. Let x(h) = 8*h**3 + 11*h**2 + 6*h + 6. Let i(d) = -7*g(d) - 6*x(d). Calculate i(y).
3
Let w(y) = y**3 - 4*y + 6*y - 671 + 14*y + 660 - 12*y**2. Give w(11).
44
Let m(b) = 2*b + 6. Suppose -180 = 2*l + 2*h, 0 = -3*l - 4*h - h - 274. Let k be (l/(-32))/((-2)/(-8)). Suppose -5*t - 9 = k. What is m(t)?
-2
Let u(q) = q**2 + 4*q + 6. Let w be u(-4). Let b(g) be the second derivative of 0 - 5/2*g**2 + 1/6*g**3 + g. Give b(w).
1
Let a(o) be the first derivative of 1/2*o**2 - 1/4*o**4 + 4*o - 16 + o**3. Give a(3).
7
Let u(d) = 2*d + 18. Let l be u(-7). Let h(b) = 0*b - 10*b + l*b - 7 - b - b**2. What is h(-7)?
-7
Suppose 0 = -4*a + 6 - 2. Let c(z) = 11*z**3 + z**2 - z + 5. Let f(k) = 3*k**3 + 1. Let p(w) = 2*c(w) - 9*f(w). Calculate p(a).
-4
Let p(v) = 364*v**2 + 361*v**2 - 2*v - 713*v**2 - 1. Give p(2).
43
Let w(s) = -7 - s**3 + 8 - 354*s + 351*s - 8*s**2. What is w(-7)?
-27
Let w = 465 - 468. Let f(u) = -2*u**3 - 4*u**2 - 4*u - 4. Give f(w).
26
Let h(z) be the first derivative of z**3/3 - 5*z**2 + 6*z + 2. Let c be (-28)/42*(54/4)/(-3). Suppose -2 = -3*r - 0*r + 5*a, 5*r - c*a - 30 = 0. What is h(r)?
-3
Suppose -d + 0*d + 1 = 0, 0 = 2*c + 2*d - 2. Suppose -6*f + 2*f - 4 = c. Let s(j) be the third derivative of -j**6/10 + 3*j**2. Determine s(f).
12
Let h be 4 + 5/10*(3 - 2). Let d(c) be the second derivative of 0 - 1/6*c**3 + h*c**2 + 2*c. Give d(4).
5
Suppose 2*x + 0 - 12 = -4*q, -3*x - 9 = -3*q. Sup